s digit of 2003353?
0
What is the hundred thousands digit of 278273?
2
What is the ten thousands digit of 125209?
2
What is the hundreds digit of 979528?
5
What is the hundreds digit of 80351?
3
What is the tens digit of 126597?
9
What is the hundred thousands digit of 789476?
7
What is the hundreds digit of 5404129?
1
What is the ten thousands digit of 134740?
3
What is the tens digit of 8692243?
4
What is the hundred thousands digit of 4074433?
0
What is the ten thousands digit of 860977?
6
What is the hundreds digit of 7404892?
8
What is the thousands digit of 7010050?
0
What is the tens digit of 20297282?
8
What is the thousands digit of 272922?
2
What is the ten thousands digit of 23306?
2
What is the millions digit of 8575880?
8
What is the millions digit of 12641657?
2
What is the units digit of 89577?
7
What is the units digit of 988775?
5
What is the millions digit of 13046826?
3
What is the units digit of 97417?
7
What is the thousands digit of 39673?
9
What is the tens digit of 51732?
3
What is the ten millions digit of 10037755?
1
What is the units digit of 239792?
2
What is the units digit of 458436?
6
What is the hundreds digit of 153462?
4
What is the tens digit of 3191911?
1
What is the units digit of 572353?
3
What is the tens digit of 395053?
5
What is the ten thousands digit of 217715?
1
What is the ten thousands digit of 682180?
8
What is the hundred thousands digit of 5147615?
1
What is the thousands digit of 300605?
0
What is the millions digit of 3660560?
3
What is the thousands digit of 283491?
3
What is the thousands digit of 2053010?
3
What is the hundred thousands digit of 8180386?
1
What is the ten thousands digit of 1810431?
1
What is the thousands digit of 475649?
5
What is the hundred thousands digit of 5936509?
9
What is the millions digit of 1823585?
1
What is the thousands digit of 376688?
6
What is the thousands digit of 99150?
9
What is the thousands digit of 343566?
3
What is the hundred thousands digit of 740561?
7
What is the hundred thousands digit of 2727824?
7
What is the hundreds digit of 327705?
7
What is the thousands digit of 17677949?
7
What is the ten thousands digit of 1175155?
7
What is the thousands digit of 35799108?
9
What is the hundred thousands digit of 286821?
2
What is the units digit of 32267909?
9
What is the units digit of 15969175?
5
What is the hundreds digit of 283201?
2
What is the hundreds digit of 4916089?
0
What is the tens digit of 36239?
3
What is the millions digit of 13112512?
3
What is the units digit of 13911547?
7
What is the millions digit of 20049633?
0
What is the thousands digit of 4268390?
8
What is the millions digit of 9000458?
9
What is the thousands digit of 221645?
1
What is the units digit of 116313?
3
What is the millions digit of 3800676?
3
What is the tens digit of 417706?
0
What is the units digit of 1069904?
4
What is the tens digit of 2502048?
4
What is the units digit of 38155?
5
What is the thousands digit of 3616592?
6
What is the tens digit of 7159074?
7
What is the thousands digit of 29735?
9
What is the hundred thousands digit of 497324?
4
What is the hundreds digit of 916083?
0
What is the ten millions digit of 11730658?
1
What is the ten thousands digit of 616109?
1
What is the millions digit of 6457191?
6
What is the hundred thousands digit of 7453983?
4
What is the ten thousands digit of 867833?
6
What is the hundreds digit of 328021?
0
What is the thousands digit of 492865?
2
What is the thousands digit of 12345335?
5
What is the units digit of 9396181?
1
What is the ten millions digit of 14493733?
1
What is the units digit of 7323554?
4
What is the units digit of 785307?
7
What is the thousands digit of 31058206?
8
What is the tens digit of 284964?
6
What is the tens digit of 170030?
3
What is the units digit of 7042573?
3
What is the hundred thousands digit of 2581786?
5
What is the millions digit of 6168414?
6
What is the thousands digit of 1861328?
1
What is the thousands digit of 151638?
1
What is the thousands digit of 1175755?
5
What is the thousands digit of 2314789?
4
What is the thousands digit of 77004?
7
What is the tens digit of 478199?
9
What is the units digit of 90492?
2
What is the hundred thousands digit of 1134077?
1
What is the hundreds digit of 69062?
0
What is the ten millions digit of 29705600?
2
What is the units digit of 607125?
5
What is the tens digit of 824997?
9
What is the tens digit of 1198624?
2
What is the hundreds digit of 607023?
0
What is the tens digit of 8684213?
1
What is the hundreds digit of 1837999?
9
What is the units digit of 296914?
4
What is the millions digit of 7398412?
7
What is the ten thousands digit of 394416?
9
What is the units digit of 147863?
3
What is the thousands digit of 4440484?
0
What is the units digit of 366860?
0
What is the units digit of 5857136?
6
What is the ten thousands digit of 97766?
9
What is the tens digit of 253775?
7
What is the hundreds digit of 869730?
7
What is the units digit of 40479?
9
What is the millions digit of 16320417?
6
What is the thousands digit of 878509?
8
What is the hundreds digit of 289397?
3
What is the ten thousands digit of 216169?
1
What is the hundred thousands digit of 6987191?
9
What is the units digit of 1564564?
4
What is the units digit of 1596936?
6
What is the ten thousands digit of 126508?
2
What is the hundreds digit of 1401445?
4
What is the units digit of 178953?
3
What is the thousands digit of 9955301?
5
What is the units digit of 403076?
6
What is the units digit of 286780?
0
What is the thousands digit of 366622?
6
What is the hundred thousands digit of 162591?
1
What is the hundred thousands digit of 5951111?
9
What is the hundred thousands digit of 2154387?
1
What is the millions digit of 1257279?
1
What is the thousands digit of 868717?
8
What is the units digit of 2073546?
6
What is the tens digit of 277156?
5
What is the tens digit of 243339?
3
What is the hundred thousands digit of 984893?
9
What is the tens digit of 804554?
5
What is the thousands digit of 4467721?
7
What is the thousands digit of 26586?
6
What is the units digit of 1365496?
6
What is the ten thousands digit of 91482?
9
What is the hundred thousands digit of 2010164?
0
What is the hundred thousands digit of 133211?
1
What is the ten thousands digit of 174328?
7
What is the hundreds digit of 510660?
6
What is the units digit of 427306?
6
What is the millions digit of 19253193?
9
What is the tens digit of 18585358?
5
What is the thousands digit of 10300153?
0
What is the tens digit of 1117138?
3
What is the tens digit of 1286693?
9
What is the hundreds digit of 1923748?
7
What is the tens digit of 576980?
8
What is the hundreds digit of 12309290?
2
What is the millions digit of 13010368?
3
What is the thousands digit of 3519198?
9
What is the tens digit of 64260?
6
What is the units digit of 6930793?
3
What is the tens digit of 123345?
4
What is the hundreds digit of 4888341?
3
What is the hundred thousands digit of 8838355?
8
What is the tens digit of 251879?
7
What is the tens digit of 598368?
6
What is the units digit of 102893?
3
What is the thousands digit of 27846?
7
What is the hundred thousands digit of 767616?
7
What is the units digit of 1601223?
3
What is the thousands digit of 10772485?
2
What is the ten thousands digit of 175825?
7
What is the hundreds digit of 774591?
5
What is the millions digit of 4512325?
4
What is the hundred thousands digit of 159289?
1
What is the hundreds digit of 4693090?
0
What is the units digit of 190771?
1
What is the hundred thousands digit of 123138?
1
What is the thousands digit of 5242050?
2
What is the hundreds digit of 2636443?
4
What is the hundred thousands digit of 6820805?
8
What is the hundreds digit of 386866?
8
What is the thousands digit of 73795?
3
What is the units digit of 531044?
4
What is the units digit of 393021?
1
What is the thousands digit of 10205228?
5
What is the units digit of 6985363?
3
What is the ten thousands digit of 1125479?
2
What is the units digit of 478751?
1
What is the thousands digit of 4301969?
1
What is the hundred thousands digit of 2056706?
0
What is the hundreds digit of 1414004?
0
What is the thousands digit of 5541615?
1
What is the ten thousands digit of 381281